{"id":2169,"date":"2025-04-03T17:22:58","date_gmt":"2025-04-03T15:22:58","guid":{"rendered":"http:\/\/elvinalemauff.fr\/?page_id=2169"},"modified":"2025-04-04T19:28:49","modified_gmt":"2025-04-04T17:28:49","slug":"faucons","status":"publish","type":"page","link":"http:\/\/elvinalemauff.fr\/index.php\/faucons\/","title":{"rendered":"Faucons"},"content":{"rendered":"\t\t<div data-elementor-type=\"wp-page\" data-elementor-id=\"2169\" class=\"elementor elementor-2169\">\n\t\t\t\t<div class=\"elementor-element elementor-element-5da855d e-flex e-con-boxed e-con e-parent\" data-id=\"5da855d\" data-element_type=\"container\" data-e-type=\"container\">\n\t\t\t\t\t<div class=\"e-con-inner\">\n\t\t\t\t<div class=\"elementor-element elementor-element-c49493e elementor-widget elementor-widget-image-gallery\" data-id=\"c49493e\" data-element_type=\"widget\" data-e-type=\"widget\" data-widget_type=\"image-gallery.default\">\n\t\t\t\t<div class=\"elementor-widget-container\">\n\t\t\t\t\t\t\t<div class=\"elementor-image-gallery\">\n\t\t\t<div id='gallery-1' class='gallery galleryid-2169 gallery-columns-4 gallery-size-medium'><figure class='gallery-item'>\n\t\t\t<div class='gallery-icon landscape'>\n\t\t\t\t<a data-elementor-open-lightbox=\"yes\" data-elementor-lightbox-slideshow=\"c49493e\" data-elementor-lightbox-title=\"Faucon cr\u00e9c\u00e9relle2-17_18-24-15-506\" data-e-action-hash=\"#elementor-action%3Aaction%3Dlightbox%26settings%3DeyJpZCI6MTkwNiwidXJsIjoiaHR0cHM6XC9cL2VsdmluYWxlbWF1ZmYuZnJcL3dwLWNvbnRlbnRcL3VwbG9hZHNcLzIwMjVcLzAyXC9QaWNzYXJ0XzI1LTAyLTE3XzE4LTI0LTE1LTUwNi5qcGciLCJzbGlkZXNob3ciOiJjNDk0OTNlIn0%3D\" href='https:\/\/elvinalemauff.fr\/wp-content\/uploads\/2025\/02\/Picsart_25-02-17_18-24-15-506.jpg' title=\"\" data-rl_title=\"\" class=\"rl-gallery-link\" data-rl_caption=\"\" data-rel=\"lightbox-gallery-1\"><img fetchpriority=\"high\" decoding=\"async\" width=\"300\" height=\"177\" src=\"https:\/\/elvinalemauff.fr\/wp-content\/uploads\/2025\/02\/Picsart_25-02-17_18-24-15-506-300x177.jpg\" class=\"attachment-medium size-medium\" alt=\"\" aria-describedby=\"gallery-1-1906\" srcset=\"https:\/\/elvinalemauff.fr\/wp-content\/uploads\/2025\/02\/Picsart_25-02-17_18-24-15-506-300x177.jpg 300w, https:\/\/elvinalemauff.fr\/wp-content\/uploads\/2025\/02\/Picsart_25-02-17_18-24-15-506-1024x605.jpg 1024w, https:\/\/elvinalemauff.fr\/wp-content\/uploads\/2025\/02\/Picsart_25-02-17_18-24-15-506-768x454.jpg 768w, https:\/\/elvinalemauff.fr\/wp-content\/uploads\/2025\/02\/Picsart_25-02-17_18-24-15-506-1536x908.jpg 1536w, https:\/\/elvinalemauff.fr\/wp-content\/uploads\/2025\/02\/Picsart_25-02-17_18-24-15-506.jpg 1827w\" sizes=\"(max-width: 300px) 100vw, 300px\" \/><\/a>\n\t\t\t<\/div>\n\t\t\t\t<figcaption class='wp-caption-text gallery-caption' id='gallery-1-1906'>\n\t\t\t\tFaucon cr\u00e9c\u00e9relle2\n\t\t\t\t<\/figcaption><\/figure><figure class='gallery-item'>\n\t\t\t<div class='gallery-icon landscape'>\n\t\t\t\t<a data-elementor-open-lightbox=\"yes\" data-elementor-lightbox-slideshow=\"c49493e\" data-elementor-lightbox-title=\"Faucon cr\u00e9c\u00e9relle2_22-50-04-014\" data-e-action-hash=\"#elementor-action%3Aaction%3Dlightbox%26settings%3DeyJpZCI6MTkwNSwidXJsIjoiaHR0cHM6XC9cL2VsdmluYWxlbWF1ZmYuZnJcL3dwLWNvbnRlbnRcL3VwbG9hZHNcLzIwMjVcLzAyXC9QaWNzYXJ0XzI1LTAyLTE1XzIyLTUwLTA0LTAxNC5qcGciLCJzbGlkZXNob3ciOiJjNDk0OTNlIn0%3D\" href='https:\/\/elvinalemauff.fr\/wp-content\/uploads\/2025\/02\/Picsart_25-02-15_22-50-04-014.jpg' title=\"\" data-rl_title=\"\" class=\"rl-gallery-link\" data-rl_caption=\"\" data-rel=\"lightbox-gallery-1\"><img decoding=\"async\" width=\"300\" height=\"231\" src=\"https:\/\/elvinalemauff.fr\/wp-content\/uploads\/2025\/02\/Picsart_25-02-15_22-50-04-014-300x231.jpg\" class=\"attachment-medium size-medium\" alt=\"\" aria-describedby=\"gallery-1-1905\" srcset=\"https:\/\/elvinalemauff.fr\/wp-content\/uploads\/2025\/02\/Picsart_25-02-15_22-50-04-014-300x231.jpg 300w, https:\/\/elvinalemauff.fr\/wp-content\/uploads\/2025\/02\/Picsart_25-02-15_22-50-04-014-1024x789.jpg 1024w, https:\/\/elvinalemauff.fr\/wp-content\/uploads\/2025\/02\/Picsart_25-02-15_22-50-04-014-768x592.jpg 768w, https:\/\/elvinalemauff.fr\/wp-content\/uploads\/2025\/02\/Picsart_25-02-15_22-50-04-014.jpg 1402w\" sizes=\"(max-width: 300px) 100vw, 300px\" \/><\/a>\n\t\t\t<\/div>\n\t\t\t\t<figcaption class='wp-caption-text gallery-caption' id='gallery-1-1905'>\n\t\t\t\tFaucon cr\u00e9c\u00e9relle2\n\t\t\t\t<\/figcaption><\/figure><figure class='gallery-item'>\n\t\t\t<div class='gallery-icon portrait'>\n\t\t\t\t<a data-elementor-open-lightbox=\"yes\" data-elementor-lightbox-slideshow=\"c49493e\" data-elementor-lightbox-title=\"Faucon cr\u00e9c\u00e9relle222-49-14-419\" data-e-action-hash=\"#elementor-action%3Aaction%3Dlightbox%26settings%3DeyJpZCI6MTkwNCwidXJsIjoiaHR0cHM6XC9cL2VsdmluYWxlbWF1ZmYuZnJcL3dwLWNvbnRlbnRcL3VwbG9hZHNcLzIwMjVcLzAyXC9QaWNzYXJ0XzI1LTAyLTE1XzIyLTQ5LTE0LTQxOS5qcGciLCJzbGlkZXNob3ciOiJjNDk0OTNlIn0%3D\" href='https:\/\/elvinalemauff.fr\/wp-content\/uploads\/2025\/02\/Picsart_25-02-15_22-49-14-419.jpg' title=\"\" data-rl_title=\"\" class=\"rl-gallery-link\" data-rl_caption=\"\" data-rel=\"lightbox-gallery-1\"><img decoding=\"async\" width=\"183\" height=\"300\" src=\"https:\/\/elvinalemauff.fr\/wp-content\/uploads\/2025\/02\/Picsart_25-02-15_22-49-14-419-183x300.jpg\" class=\"attachment-medium size-medium\" alt=\"\" aria-describedby=\"gallery-1-1904\" srcset=\"https:\/\/elvinalemauff.fr\/wp-content\/uploads\/2025\/02\/Picsart_25-02-15_22-49-14-419-183x300.jpg 183w, https:\/\/elvinalemauff.fr\/wp-content\/uploads\/2025\/02\/Picsart_25-02-15_22-49-14-419-626x1024.jpg 626w, https:\/\/elvinalemauff.fr\/wp-content\/uploads\/2025\/02\/Picsart_25-02-15_22-49-14-419-768x1257.jpg 768w, https:\/\/elvinalemauff.fr\/wp-content\/uploads\/2025\/02\/Picsart_25-02-15_22-49-14-419-938x1536.jpg 938w, https:\/\/elvinalemauff.fr\/wp-content\/uploads\/2025\/02\/Picsart_25-02-15_22-49-14-419.jpg 1080w\" sizes=\"(max-width: 183px) 100vw, 183px\" \/><\/a>\n\t\t\t<\/div>\n\t\t\t\t<figcaption class='wp-caption-text gallery-caption' id='gallery-1-1904'>\n\t\t\t\tFaucon cr\u00e9c\u00e9relle2\n\t\t\t\t<\/figcaption><\/figure><figure class='gallery-item'>\n\t\t\t<div class='gallery-icon landscape'>\n\t\t\t\t<a data-elementor-open-lightbox=\"yes\" data-elementor-lightbox-slideshow=\"c49493e\" data-elementor-lightbox-title=\"Faucon cr\u00e9c\u00e9relle2-02-42-208\" data-e-action-hash=\"#elementor-action%3Aaction%3Dlightbox%26settings%3DeyJpZCI6MTg5MiwidXJsIjoiaHR0cHM6XC9cL2VsdmluYWxlbWF1ZmYuZnJcL3dwLWNvbnRlbnRcL3VwbG9hZHNcLzIwMjVcLzAyXC9QaWNzYXJ0XzI1LTAyLTAyXzE5LTAyLTQyLTIwOC5qcGciLCJzbGlkZXNob3ciOiJjNDk0OTNlIn0%3D\" href='https:\/\/elvinalemauff.fr\/wp-content\/uploads\/2025\/02\/Picsart_25-02-02_19-02-42-208.jpg' title=\"\" data-rl_title=\"\" class=\"rl-gallery-link\" data-rl_caption=\"\" data-rel=\"lightbox-gallery-1\"><img loading=\"lazy\" decoding=\"async\" width=\"300\" height=\"200\" src=\"https:\/\/elvinalemauff.fr\/wp-content\/uploads\/2025\/02\/Picsart_25-02-02_19-02-42-208-300x200.jpg\" class=\"attachment-medium size-medium\" alt=\"\" aria-describedby=\"gallery-1-1892\" srcset=\"https:\/\/elvinalemauff.fr\/wp-content\/uploads\/2025\/02\/Picsart_25-02-02_19-02-42-208-300x200.jpg 300w, https:\/\/elvinalemauff.fr\/wp-content\/uploads\/2025\/02\/Picsart_25-02-02_19-02-42-208-1024x683.jpg 1024w, https:\/\/elvinalemauff.fr\/wp-content\/uploads\/2025\/02\/Picsart_25-02-02_19-02-42-208-768x512.jpg 768w, https:\/\/elvinalemauff.fr\/wp-content\/uploads\/2025\/02\/Picsart_25-02-02_19-02-42-208-1536x1024.jpg 1536w, https:\/\/elvinalemauff.fr\/wp-content\/uploads\/2025\/02\/Picsart_25-02-02_19-02-42-208-600x400.jpg 600w, https:\/\/elvinalemauff.fr\/wp-content\/uploads\/2025\/02\/Picsart_25-02-02_19-02-42-208.jpg 1620w\" sizes=\"(max-width: 300px) 100vw, 300px\" \/><\/a>\n\t\t\t<\/div>\n\t\t\t\t<figcaption class='wp-caption-text gallery-caption' id='gallery-1-1892'>\n\t\t\t\tFaucon cr\u00e9c\u00e9relle2\n\t\t\t\t<\/figcaption><\/figure><figure class='gallery-item'>\n\t\t\t<div class='gallery-icon landscape'>\n\t\t\t\t<a data-elementor-open-lightbox=\"yes\" data-elementor-lightbox-slideshow=\"c49493e\" data-elementor-lightbox-title=\"Faucon cr\u00e9c\u00e9relle2-00-25-042\" data-e-action-hash=\"#elementor-action%3Aaction%3Dlightbox%26settings%3DeyJpZCI6MTg5MSwidXJsIjoiaHR0cHM6XC9cL2VsdmluYWxlbWF1ZmYuZnJcL3dwLWNvbnRlbnRcL3VwbG9hZHNcLzIwMjVcLzAyXC9QaWNzYXJ0XzI1LTAyLTAyXzE5LTAwLTI1LTA0Mi1zY2FsZWQuanBnIiwic2xpZGVzaG93IjoiYzQ5NDkzZSJ9\" href='https:\/\/elvinalemauff.fr\/wp-content\/uploads\/2025\/02\/Picsart_25-02-02_19-00-25-042-scaled.jpg' title=\"\" data-rl_title=\"\" class=\"rl-gallery-link\" data-rl_caption=\"\" data-rel=\"lightbox-gallery-1\"><img loading=\"lazy\" decoding=\"async\" width=\"300\" height=\"200\" src=\"https:\/\/elvinalemauff.fr\/wp-content\/uploads\/2025\/02\/Picsart_25-02-02_19-00-25-042-300x200.jpg\" class=\"attachment-medium size-medium\" alt=\"\" aria-describedby=\"gallery-1-1891\" srcset=\"https:\/\/elvinalemauff.fr\/wp-content\/uploads\/2025\/02\/Picsart_25-02-02_19-00-25-042-300x200.jpg 300w, https:\/\/elvinalemauff.fr\/wp-content\/uploads\/2025\/02\/Picsart_25-02-02_19-00-25-042-1024x683.jpg 1024w, https:\/\/elvinalemauff.fr\/wp-content\/uploads\/2025\/02\/Picsart_25-02-02_19-00-25-042-768x512.jpg 768w, https:\/\/elvinalemauff.fr\/wp-content\/uploads\/2025\/02\/Picsart_25-02-02_19-00-25-042-1536x1024.jpg 1536w, https:\/\/elvinalemauff.fr\/wp-content\/uploads\/2025\/02\/Picsart_25-02-02_19-00-25-042-2048x1365.jpg 2048w, https:\/\/elvinalemauff.fr\/wp-content\/uploads\/2025\/02\/Picsart_25-02-02_19-00-25-042-600x400.jpg 600w\" sizes=\"(max-width: 300px) 100vw, 300px\" \/><\/a>\n\t\t\t<\/div>\n\t\t\t\t<figcaption class='wp-caption-text gallery-caption' id='gallery-1-1891'>\n\t\t\t\tFaucon cr\u00e9c\u00e9relle2\n\t\t\t\t<\/figcaption><\/figure><figure class='gallery-item'>\n\t\t\t<div class='gallery-icon landscape'>\n\t\t\t\t<a data-elementor-open-lightbox=\"yes\" data-elementor-lightbox-slideshow=\"c49493e\" data-elementor-lightbox-title=\"Faucon cr\u00e9c\u00e9relle2-40-12-342\" data-e-action-hash=\"#elementor-action%3Aaction%3Dlightbox%26settings%3DeyJpZCI6MTg4NywidXJsIjoiaHR0cHM6XC9cL2VsdmluYWxlbWF1ZmYuZnJcL3dwLWNvbnRlbnRcL3VwbG9hZHNcLzIwMjVcLzAyXC9QaWNzYXJ0XzI1LTAxLTEyXzIyLTQwLTEyLTM0Mi1zY2FsZWQuanBnIiwic2xpZGVzaG93IjoiYzQ5NDkzZSJ9\" href='https:\/\/elvinalemauff.fr\/wp-content\/uploads\/2025\/02\/Picsart_25-01-12_22-40-12-342-scaled.jpg' title=\"\" data-rl_title=\"\" class=\"rl-gallery-link\" data-rl_caption=\"\" data-rel=\"lightbox-gallery-1\"><img loading=\"lazy\" decoding=\"async\" width=\"300\" height=\"200\" src=\"https:\/\/elvinalemauff.fr\/wp-content\/uploads\/2025\/02\/Picsart_25-01-12_22-40-12-342-300x200.jpg\" class=\"attachment-medium size-medium\" alt=\"\" aria-describedby=\"gallery-1-1887\" srcset=\"https:\/\/elvinalemauff.fr\/wp-content\/uploads\/2025\/02\/Picsart_25-01-12_22-40-12-342-300x200.jpg 300w, https:\/\/elvinalemauff.fr\/wp-content\/uploads\/2025\/02\/Picsart_25-01-12_22-40-12-342-1024x683.jpg 1024w, https:\/\/elvinalemauff.fr\/wp-content\/uploads\/2025\/02\/Picsart_25-01-12_22-40-12-342-768x512.jpg 768w, https:\/\/elvinalemauff.fr\/wp-content\/uploads\/2025\/02\/Picsart_25-01-12_22-40-12-342-1536x1024.jpg 1536w, https:\/\/elvinalemauff.fr\/wp-content\/uploads\/2025\/02\/Picsart_25-01-12_22-40-12-342-2048x1365.jpg 2048w, https:\/\/elvinalemauff.fr\/wp-content\/uploads\/2025\/02\/Picsart_25-01-12_22-40-12-342-600x400.jpg 600w\" sizes=\"(max-width: 300px) 100vw, 300px\" \/><\/a>\n\t\t\t<\/div>\n\t\t\t\t<figcaption class='wp-caption-text gallery-caption' id='gallery-1-1887'>\n\t\t\t\tFaucon cr\u00e9c\u00e9relle2\n\t\t\t\t<\/figcaption><\/figure><figure class='gallery-item'>\n\t\t\t<div class='gallery-icon landscape'>\n\t\t\t\t<a data-elementor-open-lightbox=\"yes\" data-elementor-lightbox-slideshow=\"c49493e\" data-elementor-lightbox-title=\"Elanion blanc et faucon cr\u00e9cerelle\" data-e-action-hash=\"#elementor-action%3Aaction%3Dlightbox%26settings%3DeyJpZCI6MjU2LCJ1cmwiOiJodHRwczpcL1wvZWx2aW5hbGVtYXVmZi5mclwvd3AtY29udGVudFwvdXBsb2Fkc1wvMjAyNVwvMDJcL3BpY3NhcnRfMjUtMDEtMTJfMjMtMDctMDItMTI3ODE1MDY1NTMyNjA1MDQzNDY1Mi5qcGciLCJzbGlkZXNob3ciOiJjNDk0OTNlIn0%3D\" href='https:\/\/elvinalemauff.fr\/wp-content\/uploads\/2025\/02\/picsart_25-01-12_23-07-02-1278150655326050434652.jpg' title=\"\" data-rl_title=\"\" class=\"rl-gallery-link\" data-rl_caption=\"\" data-rel=\"lightbox-gallery-1\"><img loading=\"lazy\" decoding=\"async\" width=\"300\" height=\"200\" src=\"https:\/\/elvinalemauff.fr\/wp-content\/uploads\/2025\/02\/picsart_25-01-12_23-07-02-1278150655326050434652-300x200.jpg\" class=\"attachment-medium size-medium\" alt=\"\" aria-describedby=\"gallery-1-256\" srcset=\"https:\/\/elvinalemauff.fr\/wp-content\/uploads\/2025\/02\/picsart_25-01-12_23-07-02-1278150655326050434652-300x200.jpg 300w, https:\/\/elvinalemauff.fr\/wp-content\/uploads\/2025\/02\/picsart_25-01-12_23-07-02-1278150655326050434652-1024x682.jpg 1024w, https:\/\/elvinalemauff.fr\/wp-content\/uploads\/2025\/02\/picsart_25-01-12_23-07-02-1278150655326050434652-768x512.jpg 768w, https:\/\/elvinalemauff.fr\/wp-content\/uploads\/2025\/02\/picsart_25-01-12_23-07-02-1278150655326050434652-1536x1024.jpg 1536w, https:\/\/elvinalemauff.fr\/wp-content\/uploads\/2025\/02\/picsart_25-01-12_23-07-02-1278150655326050434652.jpg 2000w\" sizes=\"(max-width: 300px) 100vw, 300px\" \/><\/a>\n\t\t\t<\/div>\n\t\t\t\t<figcaption class='wp-caption-text gallery-caption' id='gallery-1-256'>\n\t\t\t\tElanion blanc et faucon cr\u00e9cerelle\n\t\t\t\t<\/figcaption><\/figure><figure class='gallery-item'>\n\t\t\t<div class='gallery-icon portrait'>\n\t\t\t\t<a data-elementor-open-lightbox=\"yes\" data-elementor-lightbox-slideshow=\"c49493e\" data-elementor-lightbox-title=\"Faucon cr\u00e9c\u00e9relle02_22-25-03-831\" data-e-action-hash=\"#elementor-action%3Aaction%3Dlightbox%26settings%3DeyJpZCI6MjIwNiwidXJsIjoiaHR0cHM6XC9cL2VsdmluYWxlbWF1ZmYuZnJcL3dwLWNvbnRlbnRcL3VwbG9hZHNcLzIwMjVcLzA0XC9QaWNzYXJ0XzI1LTA0LTAyXzIyLTI1LTAzLTgzMS5qcGciLCJzbGlkZXNob3ciOiJjNDk0OTNlIn0%3D\" href='https:\/\/elvinalemauff.fr\/wp-content\/uploads\/2025\/04\/Picsart_25-04-02_22-25-03-831.jpg' title=\"\" data-rl_title=\"\" class=\"rl-gallery-link\" data-rl_caption=\"\" data-rel=\"lightbox-gallery-1\"><img loading=\"lazy\" decoding=\"async\" width=\"201\" height=\"300\" src=\"https:\/\/elvinalemauff.fr\/wp-content\/uploads\/2025\/04\/Picsart_25-04-02_22-25-03-831-201x300.jpg\" class=\"attachment-medium size-medium\" alt=\"\" aria-describedby=\"gallery-1-2206\" srcset=\"https:\/\/elvinalemauff.fr\/wp-content\/uploads\/2025\/04\/Picsart_25-04-02_22-25-03-831-201x300.jpg 201w, https:\/\/elvinalemauff.fr\/wp-content\/uploads\/2025\/04\/Picsart_25-04-02_22-25-03-831-686x1024.jpg 686w, https:\/\/elvinalemauff.fr\/wp-content\/uploads\/2025\/04\/Picsart_25-04-02_22-25-03-831-768x1147.jpg 768w, https:\/\/elvinalemauff.fr\/wp-content\/uploads\/2025\/04\/Picsart_25-04-02_22-25-03-831-1028x1536.jpg 1028w, https:\/\/elvinalemauff.fr\/wp-content\/uploads\/2025\/04\/Picsart_25-04-02_22-25-03-831.jpg 1080w\" sizes=\"(max-width: 201px) 100vw, 201px\" \/><\/a>\n\t\t\t<\/div>\n\t\t\t\t<figcaption class='wp-caption-text gallery-caption' id='gallery-1-2206'>\n\t\t\t\tFaucon cr\u00e9c\u00e9relle\n\t\t\t\t<\/figcaption><\/figure><figure class='gallery-item'>\n\t\t\t<div class='gallery-icon portrait'>\n\t\t\t\t<a data-elementor-open-lightbox=\"yes\" data-elementor-lightbox-slideshow=\"c49493e\" data-elementor-lightbox-title=\"Faucon cr\u00e9c\u00e9relle22-52-24-456\" data-e-action-hash=\"#elementor-action%3Aaction%3Dlightbox%26settings%3DeyJpZCI6MjIwOCwidXJsIjoiaHR0cHM6XC9cL2VsdmluYWxlbWF1ZmYuZnJcL3dwLWNvbnRlbnRcL3VwbG9hZHNcLzIwMjVcLzA0XC9QaWNzYXJ0XzI1LTA0LTAyXzIyLTUyLTI0LTQ1Ni5qcGciLCJzbGlkZXNob3ciOiJjNDk0OTNlIn0%3D\" href='https:\/\/elvinalemauff.fr\/wp-content\/uploads\/2025\/04\/Picsart_25-04-02_22-52-24-456.jpg' title=\"\" data-rl_title=\"\" class=\"rl-gallery-link\" data-rl_caption=\"\" data-rel=\"lightbox-gallery-1\"><img loading=\"lazy\" decoding=\"async\" width=\"200\" height=\"300\" src=\"https:\/\/elvinalemauff.fr\/wp-content\/uploads\/2025\/04\/Picsart_25-04-02_22-52-24-456-200x300.jpg\" class=\"attachment-medium size-medium\" alt=\"\" aria-describedby=\"gallery-1-2208\" srcset=\"https:\/\/elvinalemauff.fr\/wp-content\/uploads\/2025\/04\/Picsart_25-04-02_22-52-24-456-200x300.jpg 200w, https:\/\/elvinalemauff.fr\/wp-content\/uploads\/2025\/04\/Picsart_25-04-02_22-52-24-456-683x1024.jpg 683w, https:\/\/elvinalemauff.fr\/wp-content\/uploads\/2025\/04\/Picsart_25-04-02_22-52-24-456-768x1152.jpg 768w, https:\/\/elvinalemauff.fr\/wp-content\/uploads\/2025\/04\/Picsart_25-04-02_22-52-24-456-1024x1536.jpg 1024w, https:\/\/elvinalemauff.fr\/wp-content\/uploads\/2025\/04\/Picsart_25-04-02_22-52-24-456-1365x2048.jpg 1365w, https:\/\/elvinalemauff.fr\/wp-content\/uploads\/2025\/04\/Picsart_25-04-02_22-52-24-456.jpg 1459w\" sizes=\"(max-width: 200px) 100vw, 200px\" \/><\/a>\n\t\t\t<\/div>\n\t\t\t\t<figcaption class='wp-caption-text gallery-caption' id='gallery-1-2208'>\n\t\t\t\tFaucon cr\u00e9c\u00e9relle\n\t\t\t\t<\/figcaption><\/figure><figure class='gallery-item'>\n\t\t\t<div class='gallery-icon portrait'>\n\t\t\t\t<a data-elementor-open-lightbox=\"yes\" data-elementor-lightbox-slideshow=\"c49493e\" data-elementor-lightbox-title=\"Faucon cr\u00e9c\u00e9relle-53-15-645\" data-e-action-hash=\"#elementor-action%3Aaction%3Dlightbox%26settings%3DeyJpZCI6MjIwOSwidXJsIjoiaHR0cHM6XC9cL2VsdmluYWxlbWF1ZmYuZnJcL3dwLWNvbnRlbnRcL3VwbG9hZHNcLzIwMjVcLzA0XC9QaWNzYXJ0XzI1LTA0LTAyXzIyLTUzLTE1LTY0NS5qcGciLCJzbGlkZXNob3ciOiJjNDk0OTNlIn0%3D\" href='https:\/\/elvinalemauff.fr\/wp-content\/uploads\/2025\/04\/Picsart_25-04-02_22-53-15-645.jpg' title=\"\" data-rl_title=\"\" class=\"rl-gallery-link\" data-rl_caption=\"\" data-rel=\"lightbox-gallery-1\"><img loading=\"lazy\" decoding=\"async\" width=\"223\" height=\"300\" src=\"https:\/\/elvinalemauff.fr\/wp-content\/uploads\/2025\/04\/Picsart_25-04-02_22-53-15-645-223x300.jpg\" class=\"attachment-medium size-medium\" alt=\"\" aria-describedby=\"gallery-1-2209\" srcset=\"https:\/\/elvinalemauff.fr\/wp-content\/uploads\/2025\/04\/Picsart_25-04-02_22-53-15-645-223x300.jpg 223w, https:\/\/elvinalemauff.fr\/wp-content\/uploads\/2025\/04\/Picsart_25-04-02_22-53-15-645-760x1024.jpg 760w, https:\/\/elvinalemauff.fr\/wp-content\/uploads\/2025\/04\/Picsart_25-04-02_22-53-15-645-768x1035.jpg 768w, https:\/\/elvinalemauff.fr\/wp-content\/uploads\/2025\/04\/Picsart_25-04-02_22-53-15-645.jpg 1080w\" sizes=\"(max-width: 223px) 100vw, 223px\" \/><\/a>\n\t\t\t<\/div>\n\t\t\t\t<figcaption class='wp-caption-text gallery-caption' id='gallery-1-2209'>\n\t\t\t\tFaucon cr\u00e9c\u00e9relle\n\t\t\t\t<\/figcaption><\/figure>\n\t\t<\/div>\n\t\t<\/div>\n\t\t\t\t\t\t<\/div>\n\t\t\t\t<\/div>\n\t\t\t\t\t<\/div>\n\t\t\t\t<\/div>\n\t\t\t\t<\/div>\n\t\t","protected":false},"excerpt":{"rendered":"<p>Faucon cr\u00e9c\u00e9relle2 Faucon cr\u00e9c\u00e9relle2 Faucon cr\u00e9c\u00e9relle2 Faucon cr\u00e9c\u00e9relle2 Faucon cr\u00e9c\u00e9relle2 Faucon cr\u00e9c\u00e9relle2 Elanion blanc et faucon cr\u00e9cerelle Faucon cr\u00e9c\u00e9relle Faucon cr\u00e9c\u00e9relle Faucon cr\u00e9c\u00e9relle<\/p>\n","protected":false},"author":1,"featured_media":0,"parent":0,"menu_order":0,"comment_status":"closed","ping_status":"closed","template":"","meta":{"footnotes":""},"class_list":["post-2169","page","type-page","status-publish","hentry"],"featured_image_src":"","featured_image_src_square":"","_links":{"self":[{"href":"http:\/\/elvinalemauff.fr\/index.php\/wp-json\/wp\/v2\/pages\/2169","targetHints":{"allow":["GET"]}}],"collection":[{"href":"http:\/\/elvinalemauff.fr\/index.php\/wp-json\/wp\/v2\/pages"}],"about":[{"href":"http:\/\/elvinalemauff.fr\/index.php\/wp-json\/wp\/v2\/types\/page"}],"author":[{"embeddable":true,"href":"http:\/\/elvinalemauff.fr\/index.php\/wp-json\/wp\/v2\/users\/1"}],"replies":[{"embeddable":true,"href":"http:\/\/elvinalemauff.fr\/index.php\/wp-json\/wp\/v2\/comments?post=2169"}],"version-history":[{"count":7,"href":"http:\/\/elvinalemauff.fr\/index.php\/wp-json\/wp\/v2\/pages\/2169\/revisions"}],"predecessor-version":[{"id":2590,"href":"http:\/\/elvinalemauff.fr\/index.php\/wp-json\/wp\/v2\/pages\/2169\/revisions\/2590"}],"wp:attachment":[{"href":"http:\/\/elvinalemauff.fr\/index.php\/wp-json\/wp\/v2\/media?parent=2169"}],"curies":[{"name":"wp","href":"https:\/\/api.w.org\/{rel}","templated":true}]}}