{"id":46,"date":"2025-01-27T19:10:40","date_gmt":"2025-01-27T18:10:40","guid":{"rendered":"http:\/\/elvinalemauff.fr\/?page_id=46"},"modified":"2025-04-04T19:22:12","modified_gmt":"2025-04-04T17:22:12","slug":"astronomy","status":"publish","type":"page","link":"http:\/\/elvinalemauff.fr\/index.php\/astronomy\/","title":{"rendered":"Astronomy &#8211; Astronomie"},"content":{"rendered":"\t\t<div data-elementor-type=\"wp-page\" data-elementor-id=\"46\" class=\"elementor elementor-46\">\n\t\t\t\t<div class=\"elementor-element elementor-element-4d4bae0 e-flex e-con-boxed e-con e-parent\" data-id=\"4d4bae0\" data-element_type=\"container\" data-e-type=\"container\">\n\t\t\t\t\t<div class=\"e-con-inner\">\n\t\t\t\t<div class=\"elementor-element elementor-element-8bda59b elementor-widget elementor-widget-image-gallery\" data-id=\"8bda59b\" data-element_type=\"widget\" data-e-type=\"widget\" data-widget_type=\"image-gallery.default\">\n\t\t\t\t<div class=\"elementor-widget-container\">\n\t\t\t\t\t\t\t<div class=\"elementor-image-gallery\">\n\t\t\t<div id='gallery-1' class='gallery galleryid-46 gallery-columns-4 gallery-size-medium'><figure class='gallery-item'>\n\t\t\t<div class='gallery-icon landscape'>\n\t\t\t\t<a data-elementor-open-lightbox=\"yes\" data-elementor-lightbox-slideshow=\"8bda59b\" data-elementor-lightbox-title=\"Aurores mai 2025\" data-e-action-hash=\"#elementor-action%3Aaction%3Dlightbox%26settings%3DeyJpZCI6ODIsInVybCI6Imh0dHA6XC9cL2VsdmluYWxlbWF1ZmYuZnJcL3dwLWNvbnRlbnRcL3VwbG9hZHNcLzIwMjVcLzAxXC9waWNzYXJ0XzI0LTEwLTEzXzIyLTE4LTMyLTE2MzM3NTc0NjM1MzQ5NDU0MjUyMTEuanBnIiwic2xpZGVzaG93IjoiOGJkYTU5YiJ9\" href='http:\/\/elvinalemauff.fr\/wp-content\/uploads\/2025\/01\/picsart_24-10-13_22-18-32-1633757463534945425211.jpg' title=\"\" data-rl_title=\"\" class=\"rl-gallery-link\" data-rl_caption=\"\" data-rel=\"lightbox-gallery-1\"><img fetchpriority=\"high\" decoding=\"async\" width=\"300\" height=\"200\" src=\"http:\/\/elvinalemauff.fr\/wp-content\/uploads\/2025\/01\/picsart_24-10-13_22-18-32-1633757463534945425211-300x200.jpg\" class=\"attachment-medium size-medium\" alt=\"\" aria-describedby=\"gallery-1-82\" srcset=\"http:\/\/elvinalemauff.fr\/wp-content\/uploads\/2025\/01\/picsart_24-10-13_22-18-32-1633757463534945425211-300x200.jpg 300w, http:\/\/elvinalemauff.fr\/wp-content\/uploads\/2025\/01\/picsart_24-10-13_22-18-32-1633757463534945425211-1024x683.jpg 1024w, http:\/\/elvinalemauff.fr\/wp-content\/uploads\/2025\/01\/picsart_24-10-13_22-18-32-1633757463534945425211-768x512.jpg 768w, http:\/\/elvinalemauff.fr\/wp-content\/uploads\/2025\/01\/picsart_24-10-13_22-18-32-1633757463534945425211-1536x1025.jpg 1536w, http:\/\/elvinalemauff.fr\/wp-content\/uploads\/2025\/01\/picsart_24-10-13_22-18-32-1633757463534945425211.jpg 2000w\" sizes=\"(max-width: 300px) 100vw, 300px\" \/><\/a>\n\t\t\t<\/div>\n\t\t\t\t<figcaption class='wp-caption-text gallery-caption' id='gallery-1-82'>\n\t\t\t\tAurores mai 2025\n\t\t\t\t<\/figcaption><\/figure><figure class='gallery-item'>\n\t\t\t<div class='gallery-icon portrait'>\n\t\t\t\t<a data-elementor-open-lightbox=\"yes\" data-elementor-lightbox-slideshow=\"8bda59b\" data-elementor-lightbox-title=\"AuroreOctobre2781\" data-e-action-hash=\"#elementor-action%3Aaction%3Dlightbox%26settings%3DeyJpZCI6MTUzOCwidXJsIjoiaHR0cDpcL1wvZWx2aW5hbGVtYXVmZi5mclwvd3AtY29udGVudFwvdXBsb2Fkc1wvMjAyNVwvMDJcLzAwMDAyNzgxLXNjYWxlZC5qcGciLCJzbGlkZXNob3ciOiI4YmRhNTliIn0%3D\" href='http:\/\/elvinalemauff.fr\/wp-content\/uploads\/2025\/02\/00002781-scaled.jpg' title=\"\" data-rl_title=\"\" class=\"rl-gallery-link\" data-rl_caption=\"\" data-rel=\"lightbox-gallery-1\"><img decoding=\"async\" width=\"200\" height=\"300\" src=\"http:\/\/elvinalemauff.fr\/wp-content\/uploads\/2025\/02\/00002781-200x300.jpg\" class=\"attachment-medium size-medium\" alt=\"\" aria-describedby=\"gallery-1-1538\" srcset=\"http:\/\/elvinalemauff.fr\/wp-content\/uploads\/2025\/02\/00002781-200x300.jpg 200w, http:\/\/elvinalemauff.fr\/wp-content\/uploads\/2025\/02\/00002781-683x1024.jpg 683w, http:\/\/elvinalemauff.fr\/wp-content\/uploads\/2025\/02\/00002781-768x1152.jpg 768w, http:\/\/elvinalemauff.fr\/wp-content\/uploads\/2025\/02\/00002781-1024x1536.jpg 1024w, http:\/\/elvinalemauff.fr\/wp-content\/uploads\/2025\/02\/00002781-1365x2048.jpg 1365w, http:\/\/elvinalemauff.fr\/wp-content\/uploads\/2025\/02\/00002781-scaled.jpg 1707w\" sizes=\"(max-width: 200px) 100vw, 200px\" \/><\/a>\n\t\t\t<\/div>\n\t\t\t\t<figcaption class='wp-caption-text gallery-caption' id='gallery-1-1538'>\n\t\t\t\tAurore Octobre 2024\n\t\t\t\t<\/figcaption><\/figure><figure class='gallery-item'>\n\t\t\t<div class='gallery-icon landscape'>\n\t\t\t\t<a data-elementor-open-lightbox=\"yes\" data-elementor-lightbox-slideshow=\"8bda59b\" data-elementor-lightbox-title=\"Aurores octobre 2025\" data-e-action-hash=\"#elementor-action%3Aaction%3Dlightbox%26settings%3DeyJpZCI6ODQsInVybCI6Imh0dHA6XC9cL2VsdmluYWxlbWF1ZmYuZnJcL3dwLWNvbnRlbnRcL3VwbG9hZHNcLzIwMjVcLzAxXC9waWNzYXJ0XzI0LTEwLTEzXzIyLTIzLTAyLTY5MDcwMDQ2ODYxMjcwOTk0OTU4MDIuanBnIiwic2xpZGVzaG93IjoiOGJkYTU5YiJ9\" href='http:\/\/elvinalemauff.fr\/wp-content\/uploads\/2025\/01\/picsart_24-10-13_22-23-02-6907004686127099495802.jpg' title=\"\" data-rl_title=\"\" class=\"rl-gallery-link\" data-rl_caption=\"\" data-rel=\"lightbox-gallery-1\"><img decoding=\"async\" width=\"300\" height=\"200\" src=\"http:\/\/elvinalemauff.fr\/wp-content\/uploads\/2025\/01\/picsart_24-10-13_22-23-02-6907004686127099495802-300x200.jpg\" class=\"attachment-medium size-medium\" alt=\"\" aria-describedby=\"gallery-1-84\" srcset=\"http:\/\/elvinalemauff.fr\/wp-content\/uploads\/2025\/01\/picsart_24-10-13_22-23-02-6907004686127099495802-300x200.jpg 300w, http:\/\/elvinalemauff.fr\/wp-content\/uploads\/2025\/01\/picsart_24-10-13_22-23-02-6907004686127099495802-1024x683.jpg 1024w, http:\/\/elvinalemauff.fr\/wp-content\/uploads\/2025\/01\/picsart_24-10-13_22-23-02-6907004686127099495802-768x512.jpg 768w, http:\/\/elvinalemauff.fr\/wp-content\/uploads\/2025\/01\/picsart_24-10-13_22-23-02-6907004686127099495802-1536x1025.jpg 1536w, http:\/\/elvinalemauff.fr\/wp-content\/uploads\/2025\/01\/picsart_24-10-13_22-23-02-6907004686127099495802.jpg 2000w\" sizes=\"(max-width: 300px) 100vw, 300px\" \/><\/a>\n\t\t\t<\/div>\n\t\t\t\t<figcaption class='wp-caption-text gallery-caption' id='gallery-1-84'>\n\t\t\t\tAurores octobre 2025\n\t\t\t\t<\/figcaption><\/figure><figure class='gallery-item'>\n\t\t\t<div class='gallery-icon landscape'>\n\t\t\t\t<a data-elementor-open-lightbox=\"yes\" data-elementor-lightbox-slideshow=\"8bda59b\" data-elementor-lightbox-title=\"Com\u00e8te Tsuchinshan-ATLAS\" data-e-action-hash=\"#elementor-action%3Aaction%3Dlightbox%26settings%3DeyJpZCI6ODMsInVybCI6Imh0dHA6XC9cL2VsdmluYWxlbWF1ZmYuZnJcL3dwLWNvbnRlbnRcL3VwbG9hZHNcLzIwMjVcLzAxXC9waWNzYXJ0XzI0LTEwLTEzXzIyLTI4LTE0LTE1MTc4NjQ5NTM2MjczNDYwMjYxNzQuanBnIiwic2xpZGVzaG93IjoiOGJkYTU5YiJ9\" href='http:\/\/elvinalemauff.fr\/wp-content\/uploads\/2025\/01\/picsart_24-10-13_22-28-14-1517864953627346026174.jpg' title=\"\" data-rl_title=\"\" class=\"rl-gallery-link\" data-rl_caption=\"\" data-rel=\"lightbox-gallery-1\"><img loading=\"lazy\" decoding=\"async\" width=\"300\" height=\"200\" src=\"http:\/\/elvinalemauff.fr\/wp-content\/uploads\/2025\/01\/picsart_24-10-13_22-28-14-1517864953627346026174-300x200.jpg\" class=\"attachment-medium size-medium\" alt=\"\" aria-describedby=\"gallery-1-83\" srcset=\"http:\/\/elvinalemauff.fr\/wp-content\/uploads\/2025\/01\/picsart_24-10-13_22-28-14-1517864953627346026174-300x200.jpg 300w, http:\/\/elvinalemauff.fr\/wp-content\/uploads\/2025\/01\/picsart_24-10-13_22-28-14-1517864953627346026174-1024x683.jpg 1024w, http:\/\/elvinalemauff.fr\/wp-content\/uploads\/2025\/01\/picsart_24-10-13_22-28-14-1517864953627346026174-768x512.jpg 768w, http:\/\/elvinalemauff.fr\/wp-content\/uploads\/2025\/01\/picsart_24-10-13_22-28-14-1517864953627346026174-1536x1025.jpg 1536w, http:\/\/elvinalemauff.fr\/wp-content\/uploads\/2025\/01\/picsart_24-10-13_22-28-14-1517864953627346026174.jpg 2000w\" sizes=\"(max-width: 300px) 100vw, 300px\" \/><\/a>\n\t\t\t<\/div>\n\t\t\t\t<figcaption class='wp-caption-text gallery-caption' id='gallery-1-83'>\n\t\t\t\tCom\u00e8te Tsuchinshan-ATLAS\n\t\t\t\t<\/figcaption><\/figure><figure class='gallery-item'>\n\t\t\t<div class='gallery-icon landscape'>\n\t\t\t\t<a data-elementor-open-lightbox=\"yes\" data-elementor-lightbox-slideshow=\"8bda59b\" data-elementor-lightbox-title=\"Com\u00e8te2839\" data-e-action-hash=\"#elementor-action%3Aaction%3Dlightbox%26settings%3DeyJpZCI6MTUzOSwidXJsIjoiaHR0cDpcL1wvZWx2aW5hbGVtYXVmZi5mclwvd3AtY29udGVudFwvdXBsb2Fkc1wvMjAyNVwvMDJcLzAwMDAyODM5LXNjYWxlZC5qcGciLCJzbGlkZXNob3ciOiI4YmRhNTliIn0%3D\" href='http:\/\/elvinalemauff.fr\/wp-content\/uploads\/2025\/02\/00002839-scaled.jpg' title=\"\" data-rl_title=\"\" class=\"rl-gallery-link\" data-rl_caption=\"\" data-rel=\"lightbox-gallery-1\"><img loading=\"lazy\" decoding=\"async\" width=\"300\" height=\"200\" src=\"http:\/\/elvinalemauff.fr\/wp-content\/uploads\/2025\/02\/00002839-300x200.jpg\" class=\"attachment-medium size-medium\" alt=\"\" aria-describedby=\"gallery-1-1539\" srcset=\"http:\/\/elvinalemauff.fr\/wp-content\/uploads\/2025\/02\/00002839-300x200.jpg 300w, http:\/\/elvinalemauff.fr\/wp-content\/uploads\/2025\/02\/00002839-1024x683.jpg 1024w, http:\/\/elvinalemauff.fr\/wp-content\/uploads\/2025\/02\/00002839-768x512.jpg 768w, http:\/\/elvinalemauff.fr\/wp-content\/uploads\/2025\/02\/00002839-1536x1024.jpg 1536w, http:\/\/elvinalemauff.fr\/wp-content\/uploads\/2025\/02\/00002839-2048x1365.jpg 2048w, http:\/\/elvinalemauff.fr\/wp-content\/uploads\/2025\/02\/00002839-600x400.jpg 600w\" sizes=\"(max-width: 300px) 100vw, 300px\" \/><\/a>\n\t\t\t<\/div>\n\t\t\t\t<figcaption class='wp-caption-text gallery-caption' id='gallery-1-1539'>\n\t\t\t\tCom\u00e8te tsuchinshan-ATLAS\n\t\t\t\t<\/figcaption><\/figure><figure class='gallery-item'>\n\t\t\t<div class='gallery-icon landscape'>\n\t\t\t\t<a data-elementor-open-lightbox=\"yes\" data-elementor-lightbox-slideshow=\"8bda59b\" data-elementor-lightbox-title=\"Astronomie30-022\" data-e-action-hash=\"#elementor-action%3Aaction%3Dlightbox%26settings%3DeyJpZCI6MTU0MiwidXJsIjoiaHR0cDpcL1wvZWx2aW5hbGVtYXVmZi5mclwvd3AtY29udGVudFwvdXBsb2Fkc1wvMjAyNVwvMDJcL1BpY3NhcnRfMjItMDEtMTlfMjEtMjUtMzAtMDIyLmpwZyIsInNsaWRlc2hvdyI6IjhiZGE1OWIifQ%3D%3D\" href='http:\/\/elvinalemauff.fr\/wp-content\/uploads\/2025\/02\/Picsart_22-01-19_21-25-30-022.jpg' title=\"\" data-rl_title=\"\" class=\"rl-gallery-link\" data-rl_caption=\"\" data-rel=\"lightbox-gallery-1\"><img loading=\"lazy\" decoding=\"async\" width=\"300\" height=\"200\" src=\"http:\/\/elvinalemauff.fr\/wp-content\/uploads\/2025\/02\/Picsart_22-01-19_21-25-30-022-300x200.jpg\" class=\"attachment-medium size-medium\" alt=\"\" aria-describedby=\"gallery-1-1542\" srcset=\"http:\/\/elvinalemauff.fr\/wp-content\/uploads\/2025\/02\/Picsart_22-01-19_21-25-30-022-300x200.jpg 300w, http:\/\/elvinalemauff.fr\/wp-content\/uploads\/2025\/02\/Picsart_22-01-19_21-25-30-022-1024x683.jpg 1024w, http:\/\/elvinalemauff.fr\/wp-content\/uploads\/2025\/02\/Picsart_22-01-19_21-25-30-022-768x512.jpg 768w, http:\/\/elvinalemauff.fr\/wp-content\/uploads\/2025\/02\/Picsart_22-01-19_21-25-30-022-1536x1024.jpg 1536w, http:\/\/elvinalemauff.fr\/wp-content\/uploads\/2025\/02\/Picsart_22-01-19_21-25-30-022-600x400.jpg 600w, http:\/\/elvinalemauff.fr\/wp-content\/uploads\/2025\/02\/Picsart_22-01-19_21-25-30-022.jpg 1620w\" sizes=\"(max-width: 300px) 100vw, 300px\" \/><\/a>\n\t\t\t<\/div>\n\t\t\t\t<figcaption class='wp-caption-text gallery-caption' id='gallery-1-1542'>\n\t\t\t\tAstronomie\n\t\t\t\t<\/figcaption><\/figure><figure class='gallery-item'>\n\t\t\t<div class='gallery-icon portrait'>\n\t\t\t\t<a data-elementor-open-lightbox=\"yes\" data-elementor-lightbox-slideshow=\"8bda59b\" data-elementor-lightbox-title=\"Fil\u00e9 d&#039;\u00e9toiles06-663\" data-e-action-hash=\"#elementor-action%3Aaction%3Dlightbox%26settings%3DeyJpZCI6MTU0MCwidXJsIjoiaHR0cDpcL1wvZWx2aW5hbGVtYXVmZi5mclwvd3AtY29udGVudFwvdXBsb2Fkc1wvMjAyNVwvMDJcL1BpY3NhcnRfMjItMDEtMTlfMjEtMjItMDYtNjYzLXNjYWxlZC5qcGciLCJzbGlkZXNob3ciOiI4YmRhNTliIn0%3D\" href='http:\/\/elvinalemauff.fr\/wp-content\/uploads\/2025\/02\/Picsart_22-01-19_21-22-06-663-scaled.jpg' title=\"\" data-rl_title=\"\" class=\"rl-gallery-link\" data-rl_caption=\"\" data-rel=\"lightbox-gallery-1\"><img loading=\"lazy\" decoding=\"async\" width=\"200\" height=\"300\" src=\"http:\/\/elvinalemauff.fr\/wp-content\/uploads\/2025\/02\/Picsart_22-01-19_21-22-06-663-200x300.jpg\" class=\"attachment-medium size-medium\" alt=\"\" aria-describedby=\"gallery-1-1540\" srcset=\"http:\/\/elvinalemauff.fr\/wp-content\/uploads\/2025\/02\/Picsart_22-01-19_21-22-06-663-200x300.jpg 200w, http:\/\/elvinalemauff.fr\/wp-content\/uploads\/2025\/02\/Picsart_22-01-19_21-22-06-663-683x1024.jpg 683w, http:\/\/elvinalemauff.fr\/wp-content\/uploads\/2025\/02\/Picsart_22-01-19_21-22-06-663-768x1152.jpg 768w, http:\/\/elvinalemauff.fr\/wp-content\/uploads\/2025\/02\/Picsart_22-01-19_21-22-06-663-1024x1536.jpg 1024w, http:\/\/elvinalemauff.fr\/wp-content\/uploads\/2025\/02\/Picsart_22-01-19_21-22-06-663-1365x2048.jpg 1365w, http:\/\/elvinalemauff.fr\/wp-content\/uploads\/2025\/02\/Picsart_22-01-19_21-22-06-663-scaled.jpg 1707w\" sizes=\"(max-width: 200px) 100vw, 200px\" \/><\/a>\n\t\t\t<\/div>\n\t\t\t\t<figcaption class='wp-caption-text gallery-caption' id='gallery-1-1540'>\n\t\t\t\tFil\u00e9 d&#8217;\u00e9toiles\n\t\t\t\t<\/figcaption><\/figure><figure class='gallery-item'>\n\t\t\t<div class='gallery-icon portrait'>\n\t\t\t\t<a data-elementor-open-lightbox=\"yes\" data-elementor-lightbox-slideshow=\"8bda59b\" data-elementor-lightbox-title=\"Fil\u00e9 d&#039;\u00e9toiles46-886\" data-e-action-hash=\"#elementor-action%3Aaction%3Dlightbox%26settings%3DeyJpZCI6MTU0MSwidXJsIjoiaHR0cDpcL1wvZWx2aW5hbGVtYXVmZi5mclwvd3AtY29udGVudFwvdXBsb2Fkc1wvMjAyNVwvMDJcL1BpY3NhcnRfMjItMDEtMTlfMjEtMjItNDYtODg2LXNjYWxlZC5qcGciLCJzbGlkZXNob3ciOiI4YmRhNTliIn0%3D\" href='http:\/\/elvinalemauff.fr\/wp-content\/uploads\/2025\/02\/Picsart_22-01-19_21-22-46-886-scaled.jpg' title=\"\" data-rl_title=\"\" class=\"rl-gallery-link\" data-rl_caption=\"\" data-rel=\"lightbox-gallery-1\"><img loading=\"lazy\" decoding=\"async\" width=\"200\" height=\"300\" src=\"http:\/\/elvinalemauff.fr\/wp-content\/uploads\/2025\/02\/Picsart_22-01-19_21-22-46-886-200x300.jpg\" class=\"attachment-medium size-medium\" alt=\"\" aria-describedby=\"gallery-1-1541\" srcset=\"http:\/\/elvinalemauff.fr\/wp-content\/uploads\/2025\/02\/Picsart_22-01-19_21-22-46-886-200x300.jpg 200w, http:\/\/elvinalemauff.fr\/wp-content\/uploads\/2025\/02\/Picsart_22-01-19_21-22-46-886-683x1024.jpg 683w, http:\/\/elvinalemauff.fr\/wp-content\/uploads\/2025\/02\/Picsart_22-01-19_21-22-46-886-768x1152.jpg 768w, http:\/\/elvinalemauff.fr\/wp-content\/uploads\/2025\/02\/Picsart_22-01-19_21-22-46-886-1024x1536.jpg 1024w, http:\/\/elvinalemauff.fr\/wp-content\/uploads\/2025\/02\/Picsart_22-01-19_21-22-46-886-1365x2048.jpg 1365w, http:\/\/elvinalemauff.fr\/wp-content\/uploads\/2025\/02\/Picsart_22-01-19_21-22-46-886-scaled.jpg 1707w\" sizes=\"(max-width: 200px) 100vw, 200px\" \/><\/a>\n\t\t\t<\/div>\n\t\t\t\t<figcaption class='wp-caption-text gallery-caption' id='gallery-1-1541'>\n\t\t\t\tFil\u00e9 d&#8217;\u00e9toiles\n\t\t\t\t<\/figcaption><\/figure><figure class='gallery-item'>\n\t\t\t<div class='gallery-icon portrait'>\n\t\t\t\t<a data-elementor-open-lightbox=\"yes\" data-elementor-lightbox-slideshow=\"8bda59b\" data-elementor-lightbox-title=\"Fil\u00e9 d&#039;\u00e9toiles08-895\" data-e-action-hash=\"#elementor-action%3Aaction%3Dlightbox%26settings%3DeyJpZCI6MTU0MywidXJsIjoiaHR0cDpcL1wvZWx2aW5hbGVtYXVmZi5mclwvd3AtY29udGVudFwvdXBsb2Fkc1wvMjAyNVwvMDJcL1BpY3NhcnRfMjItMDEtMTlfMjEtMjYtMDgtODk1LXNjYWxlZC5qcGciLCJzbGlkZXNob3ciOiI4YmRhNTliIn0%3D\" href='http:\/\/elvinalemauff.fr\/wp-content\/uploads\/2025\/02\/Picsart_22-01-19_21-26-08-895-scaled.jpg' title=\"\" data-rl_title=\"\" class=\"rl-gallery-link\" data-rl_caption=\"\" data-rel=\"lightbox-gallery-1\"><img loading=\"lazy\" decoding=\"async\" width=\"200\" height=\"300\" src=\"http:\/\/elvinalemauff.fr\/wp-content\/uploads\/2025\/02\/Picsart_22-01-19_21-26-08-895-200x300.jpg\" class=\"attachment-medium size-medium\" alt=\"\" aria-describedby=\"gallery-1-1543\" srcset=\"http:\/\/elvinalemauff.fr\/wp-content\/uploads\/2025\/02\/Picsart_22-01-19_21-26-08-895-200x300.jpg 200w, http:\/\/elvinalemauff.fr\/wp-content\/uploads\/2025\/02\/Picsart_22-01-19_21-26-08-895-683x1024.jpg 683w, http:\/\/elvinalemauff.fr\/wp-content\/uploads\/2025\/02\/Picsart_22-01-19_21-26-08-895-768x1152.jpg 768w, http:\/\/elvinalemauff.fr\/wp-content\/uploads\/2025\/02\/Picsart_22-01-19_21-26-08-895-1024x1536.jpg 1024w, http:\/\/elvinalemauff.fr\/wp-content\/uploads\/2025\/02\/Picsart_22-01-19_21-26-08-895-1365x2048.jpg 1365w, http:\/\/elvinalemauff.fr\/wp-content\/uploads\/2025\/02\/Picsart_22-01-19_21-26-08-895-scaled.jpg 1707w\" sizes=\"(max-width: 200px) 100vw, 200px\" \/><\/a>\n\t\t\t<\/div>\n\t\t\t\t<figcaption class='wp-caption-text gallery-caption' id='gallery-1-1543'>\n\t\t\t\tFil\u00e9 d&#8217;\u00e9toiles\n\t\t\t\t<\/figcaption><\/figure><figure class='gallery-item'>\n\t\t\t<div class='gallery-icon portrait'>\n\t\t\t\t<a data-elementor-open-lightbox=\"yes\" data-elementor-lightbox-slideshow=\"8bda59b\" data-elementor-lightbox-title=\"Fil\u00e9 d&#039;\u00e9toiles39-163\" data-e-action-hash=\"#elementor-action%3Aaction%3Dlightbox%26settings%3DeyJpZCI6MTU0NCwidXJsIjoiaHR0cDpcL1wvZWx2aW5hbGVtYXVmZi5mclwvd3AtY29udGVudFwvdXBsb2Fkc1wvMjAyNVwvMDJcL1BpY3NhcnRfMjItMDEtMTlfMjEtMzAtMzktMTYzLXNjYWxlZC5qcGciLCJzbGlkZXNob3ciOiI4YmRhNTliIn0%3D\" href='http:\/\/elvinalemauff.fr\/wp-content\/uploads\/2025\/02\/Picsart_22-01-19_21-30-39-163-scaled.jpg' title=\"\" data-rl_title=\"\" class=\"rl-gallery-link\" data-rl_caption=\"\" data-rel=\"lightbox-gallery-1\"><img loading=\"lazy\" decoding=\"async\" width=\"200\" height=\"300\" src=\"http:\/\/elvinalemauff.fr\/wp-content\/uploads\/2025\/02\/Picsart_22-01-19_21-30-39-163-200x300.jpg\" class=\"attachment-medium size-medium\" alt=\"\" aria-describedby=\"gallery-1-1544\" srcset=\"http:\/\/elvinalemauff.fr\/wp-content\/uploads\/2025\/02\/Picsart_22-01-19_21-30-39-163-200x300.jpg 200w, http:\/\/elvinalemauff.fr\/wp-content\/uploads\/2025\/02\/Picsart_22-01-19_21-30-39-163-683x1024.jpg 683w, http:\/\/elvinalemauff.fr\/wp-content\/uploads\/2025\/02\/Picsart_22-01-19_21-30-39-163-768x1152.jpg 768w, http:\/\/elvinalemauff.fr\/wp-content\/uploads\/2025\/02\/Picsart_22-01-19_21-30-39-163-1024x1536.jpg 1024w, http:\/\/elvinalemauff.fr\/wp-content\/uploads\/2025\/02\/Picsart_22-01-19_21-30-39-163-1365x2048.jpg 1365w, http:\/\/elvinalemauff.fr\/wp-content\/uploads\/2025\/02\/Picsart_22-01-19_21-30-39-163-scaled.jpg 1707w\" sizes=\"(max-width: 200px) 100vw, 200px\" \/><\/a>\n\t\t\t<\/div>\n\t\t\t\t<figcaption class='wp-caption-text gallery-caption' id='gallery-1-1544'>\n\t\t\t\tFil\u00e9 d&#8217;\u00e9toiles\n\t\t\t\t<\/figcaption><\/figure>\n\t\t<\/div>\n\t\t<\/div>\n\t\t\t\t\t\t<\/div>\n\t\t\t\t<\/div>\n\t\t\t\t\t<\/div>\n\t\t\t\t<\/div>\n\t\t\t\t<\/div>\n\t\t","protected":false},"excerpt":{"rendered":"<p>Aurores mai 2025 Aurore Octobre 2024 Aurores octobre 2025 Com\u00e8te Tsuchinshan-ATLAS Com\u00e8te tsuchinshan-ATLAS Astronomie Fil\u00e9 d&#8217;\u00e9toiles Fil\u00e9 d&#8217;\u00e9toiles Fil\u00e9 d&#8217;\u00e9toiles Fil\u00e9 d&#8217;\u00e9toiles<\/p>\n","protected":false},"author":1,"featured_media":0,"parent":0,"menu_order":0,"comment_status":"closed","ping_status":"closed","template":"","meta":{"footnotes":""},"class_list":["post-46","page","type-page","status-publish","hentry"],"featured_image_src":"","featured_image_src_square":"","_links":{"self":[{"href":"http:\/\/elvinalemauff.fr\/index.php\/wp-json\/wp\/v2\/pages\/46","targetHints":{"allow":["GET"]}}],"collection":[{"href":"http:\/\/elvinalemauff.fr\/index.php\/wp-json\/wp\/v2\/pages"}],"about":[{"href":"http:\/\/elvinalemauff.fr\/index.php\/wp-json\/wp\/v2\/types\/page"}],"author":[{"embeddable":true,"href":"http:\/\/elvinalemauff.fr\/index.php\/wp-json\/wp\/v2\/users\/1"}],"replies":[{"embeddable":true,"href":"http:\/\/elvinalemauff.fr\/index.php\/wp-json\/wp\/v2\/comments?post=46"}],"version-history":[{"count":18,"href":"http:\/\/elvinalemauff.fr\/index.php\/wp-json\/wp\/v2\/pages\/46\/revisions"}],"predecessor-version":[{"id":2545,"href":"http:\/\/elvinalemauff.fr\/index.php\/wp-json\/wp\/v2\/pages\/46\/revisions\/2545"}],"wp:attachment":[{"href":"http:\/\/elvinalemauff.fr\/index.php\/wp-json\/wp\/v2\/media?parent=46"}],"curies":[{"name":"wp","href":"https:\/\/api.w.org\/{rel}","templated":true}]}}